ivided by 9.
3
Calculate the remainder when 718 is divided by 30.
28
Calculate the remainder when 184 is divided by 27.
22
Calculate the remainder when 227 is divided by 24.
11
Calculate the remainder when 287 is divided by 76.
59
What is the remainder when 1930 is divided by 42?
40
Calculate the remainder when 52 is divided by 14.
10
What is the remainder when 2443 is divided by 63?
49
Calculate the remainder when 317 is divided by 16.
13
What is the remainder when 180 is divided by 23?
19
Calculate the remainder when 70353 is divided by 33.
30
Calculate the remainder when 388 is divided by 15.
13
What is the remainder when 457 is divided by 14?
9
Calculate the remainder when 3326 is divided by 185.
181
What is the remainder when 235 is divided by 41?
30
What is the remainder when 1254 is divided by 21?
15
Calculate the remainder when 597 is divided by 43.
38
What is the remainder when 36 is divided by 4?
0
What is the remainder when 357 is divided by 91?
84
Calculate the remainder when 253 is divided by 32.
29
Calculate the remainder when 76879 is divided by 13.
10
What is the remainder when 463 is divided by 117?
112
What is the remainder when 681 is divided by 129?
36
What is the remainder when 719 is divided by 48?
47
Calculate the remainder when 3364 is divided by 198.
196
What is the remainder when 114 is divided by 9?
6
Calculate the remainder when 1266 is divided by 28.
6
Calculate the remainder when 52 is divided by 19.
14
Calculate the remainder when 181 is divided by 12.
1
What is the remainder when 156 is divided by 48?
12
Calculate the remainder when 99 is divided by 19.
4
Calculate the remainder when 77 is divided by 12.
5
Calculate the remainder when 3329 is divided by 37.
36
Calculate the remainder when 84 is divided by 32.
20
What is the remainder when 658 is divided by 58?
20
What is the remainder when 74 is divided by 48?
26
Calculate the remainder when 112 is divided by 20.
12
Calculate the remainder when 112 is divided by 18.
4
What is the remainder when 279 is divided by 15?
9
Calculate the remainder when 1515 is divided by 477.
84
What is the remainder when 55 is divided by 20?
15
What is the remainder when 66 is divided by 48?
18
What is the remainder when 722 is divided by 242?
238
Calculate the remainder when 139 is divided by 18.
13
What is the remainder when 378 is divided by 64?
58
What is the remainder when 57 is divided by 27?
3
Calculate the remainder when 434 is divided by 10.
4
Calculate the remainder when 524 is divided by 16.
12
What is the remainder when 124 is divided by 9?
7
What is the remainder when 844 is divided by 252?
88
Calculate the remainder when 81 is divided by 32.
17
Calculate the remainder when 1910 is divided by 950.
10
What is the remainder when 1198 is divided by 150?
148
What is the remainder when 394 is divided by 99?
97
Calculate the remainder when 1270 is divided by 128.
118
What is the remainder when 870 is divided by 25?
20
What is the remainder when 972 is divided by 39?
36
Calculate the remainder when 1082 is divided by 176.
26
Calculate the remainder when 752 is divided by 237.
41
What is the remainder when 2392 is divided by 114?
112
Calculate the remainder when 852 is divided by 57.
54
What is the remainder when 2926 is divided by 23?
5
Calculate the remainder when 7703 is divided by 18.
17
Calculate the remainder when 1710 is divided by 26.
20
What is the remainder when 114 is divided by 23?
22
What is the remainder when 500 is divided by 13?
6
What is the remainder when 201 is divided by 52?
45
Calculate the remainder when 15613 is divided by 45.
43
What is the remainder when 279 is divided by 70?
69
Calculate the remainder when 817 is divided by 13.
11
What is the remainder when 305 is divided by 62?
57
What is the remainder when 83 is divided by 24?
11
Calculate the remainder when 282 is divided by 78.
48
Calculate the remainder when 280 is divided by 94.
92
What is the remainder when 15115 is divided by 70?
65
What is the remainder when 389 is divided by 71?
34
What is the remainder when 1115 is divided by 26?
23
Calculate the remainder when 171 is divided by 23.
10
Calculate the remainder when 101 is divided by 34.
33
Calculate the remainder when 126 is divided by 7.
0
What is the remainder when 240 is divided by 62?
54
Calculate the remainder when 1646 is divided by 61.
60
What is the remainder when 1760 is divided by 41?
38
Calculate the remainder when 2471 is divided by 133.
77
Calculate the remainder when 1997 is divided by 9.
8
What is the remainder when 418 is divided by 415?
3
What is the remainder when 6379 is divided by 398?
11
What is the remainder when 813 is divided by 406?
1
What is the remainder when 347 is divided by 162?
23
Calculate the remainder when 4077 is divided by 2036.
5
What is the remainder when 4520 is divided by 12?
8
What is the remainder when 5 is divided by 4?
1
Calculate the remainder when 310 is divided by 93.
31
What is the remainder when 187 is divided by 28?
19
What is the remainder when 1271 is divided by 91?
88
What is the remainder when 1068 is divided by 352?
12
Calculate the remainder when 52 is divided by 6.
4
What is the remainder when 3083 is divided by 52?
15
What is the remainder when 375 is divided by 21?
18
What is the remainder when 657 is divided by 23?
13
Calculate the remainder when 171 is divided by 47.
30
What is the remainder when 19193 is divided by 243?
239
Calculate the remainder when 751 is divided by 16.
15
Calculate the remainder when 4728 is divided by 10.
8
What is the remainder when 719 is divided by 66?
59
Calculate the remainder when 1048 is divided by 106.
94
What is the remainder when 147 is divided by 47?
6
Calculate the remainder when 228 is divided by 3.
0
Calculate the remainder when 384 is divided by 97.
93
What is the remainder when 493 is divided by 31?
28
Calculate the remainder when 204 is divided by 46.
20
Calculate the remainder when 4798 is divided by 80.
78
Calculate the remainder when 59 is divided by 40.
19
What is the remainder when 55 is divided by 13?
3
What is the remainder when 258 is divided by 92?
74
What is the remainder when 1121 is divided by 66?
65
What is the remainder when 316 is divided by 135?
46
What is the remainder when 1659 is divided by 14?
7
What is the remainder when 8199 is divided by 41?
40
Calculate the remainder when 116 is divided by 6.
2
What is the remainder when 1788 is divided by 307?
253
What is the remainder when 207 is divided by 26?
25
What is the remainder when 898 is divided by 31?
30
Calculate the remainder when 419 is divided by 8.
3
What is the remainder when 97 is divided by 30?
7
Calculate the remainder when 493 is divided by 165.
163
What is the remainder when 102 is divided by 3?
0
Calculate the remainder when 2752 is divided by 688.
0
Calculate the remainder when 377 is divided by 54.
53
Calculate the remainder when 60 is divided by 45.
15
Calculate the remainder when 1360 is divided by 287.
212
Calculate the remainder when 1574 is divided by 45.
44
What is the remainder when 123 is divided by 45?
33
Calculate the remainder when 8183 is divided by 89.
84
What is the remainder when 893 is divided by 32?
29
What is the remainder when 2566 is divided by 24?
22
Calculate the remainder when 472 is divided by 25.
22
Calculate the remainder when 817 is divided by 12.
1
Calculate the remainder when 2031 is divided by 1010.
11
Calculate the remainder when 4672 is divided by 82.
80
Calculate the remainder when 836 is divided by 84.
80
Calculate the remainder when 90 is divided by 23.
21
What is the remainder when 367 is divided by 140?
87
What is the remainder when 1046 is divided by 48?
38
What is the remainder when 12970 is divided by 17?
16
What is the remainder when 84 is divided by 20?
4
Calculate the remainder when 47 is divided by 15.
2
Calculate the remainder when 4617 is divided by 44.
41
What is the remainder when 689 is divided by 247?
195
Calculate the remainder when 819 is divided by 403.
13
What is the remainder when 652 is divided by 322?
8
What is the remainder when 1073 is divided by 14?
9
Calculate the remainder when 1537 is divided by 33.
19
What is the remainder when 1086 is divided by 68?
66
What is the remainder when 223 is divid